92 is divided by (-1)/(-2) - (-189)/6.
28
Suppose -4*o - 2*g + 108 = 0, 50 = 3*o - o + 3*g. Let f be (-91)/3 + (-16)/24. Let k = f + 46. Calculate the remainder when o is divided by k.
13
Suppose 7*a = 2*a + 510. Calculate the remainder when a is divided by 33.
3
Let u = -12 - -17. What is the remainder when u is divided by (72/16 + -3)/(2/4)?
2
Suppose -4*j - 220 = -9*j. Suppose -5*f = -11 - 14. Suppose -n = -4*t + 64, -t + f*n = 2*n - 27. What is the remainder when j is divided by t?
14
Let s(g) = g**3 + 9*g**2 + 6*g + 10. Suppose 2*p - 30 = 3*m, 0 = -5*m + 8*p - 11*p - 31. What is the remainder when s(m) is divided by 13?
0
Let x = -30 + 35. Suppose 3*p - 3*c = 2*p + 7, -5*p + x*c = -55. What is the remainder when 167 is divided by p?
11
Let v be 4/(9 + -4 + -3). Suppose -d = -6*d + 5*b + 50, d - v*b - 7 = 0. Calculate the remainder when 35 is divided by d.
9
Let z(h) = -h**3 + 8*h**2 + 3*h - 3. Let n be 19*-2*2/(-4). Suppose n = 3*p + f, -5*f + 8 = -4*p + 65. What is the remainder when 40 is divided by z(p)?
19
Let o(b) = 2*b**3 - 7*b**2 + 11*b + 1. What is the remainder when 132 is divided by o(4)?
10
Let p(d) = d**3 - 10*d**2 - 8. Let c be p(10). Let w = 16 + c. Suppose t + 3*j - 36 = w*j, t - j - 16 = 0. What is the remainder when t is divided by 7?
4
Suppose 0 = -7*b + 887 + 1738. What is the remainder when b is divided by 64?
55
Suppose 15 = 2*u - 5*n, n = -4*n - 5. What is the remainder when (-1876)/(-24) - (-8)/(-48) is divided by u?
3
Suppose 0 = 5*m - 4*k - 122, 128 = 5*m - 0*k - k. What is the remainder when 92 is divided by m?
14
Let o(b) = b**2 - b - 6. Let i be o(3). Suppose 29*w - 23*w - 66 = i. Calculate the remainder when 32 is divided by w.
10
Suppose -13*a = 5*w - 15*a - 163, -4*a - 78 = -2*w. What is the remainder when 172 is divided by w?
17
Suppose 0 = 8*m + 74 - 338. Calculate the remainder when m is divided by 18.
15
Let b(k) = 134*k + 6. Let a be b(-4). Suppose 15*z + 117 + 3 = 0. Calculate the remainder when (12/z)/(15/a) is divided by 14.
11
Let s be 2/(-11) - 505/(-55). Let j = s - 2. What is the remainder when j is divided by 6?
1
Let u = -4 - -6. Suppose 2 = u*b - 0, -2*y = b - 91. What is the remainder when y/1 - (3 - 0) is divided by 11?
9
Suppose j + 80 = 4*k - 85, 2*j = 5*k - 204. Let s(h) = -h**2 + 9*h - 5. Calculate the remainder when k is divided by s(7).
6
Let h(k) = -29*k - 104. Calculate the remainder when 119 is divided by h(-4).
11
Let f = -85 + 25. Let d = -39 - f. Calculate the remainder when 100 is divided by d.
16
Suppose 3*f = -0*b + 4*b + 10, -3*f + 3*b + 9 = 0. Let l(k) = 3*k**2 - 5*k + 7. What is the remainder when 24 is divided by l(f)?
6
Suppose 3*u - 33 = -3*v + 66, u + 2*v - 32 = 0. Calculate the remainder when u is divided by 9.
7
Calculate the remainder when (-3 - 1758/(-12))*(-12)/(-7) is divided by 63.
57
Suppose -5*w = 17*g - 16*g - 13, 2*g - 20 = -4*w. Calculate the remainder when g is divided by 6.
2
Suppose -7 = -4*s - 3*s. What is the remainder when 22 is divided by 147/14*(s - (-1)/(-3))?
1
Let w = -209 + -19. Let h = w - -323. Calculate the remainder when h is divided by (4/3)/((-2)/(-21)).
11
Let r = -303 - -320. Calculate the remainder when 57 is divided by r.
6
Let j(q) = 5*q**2 + q - 8. What is the remainder when j(3) is divided by 13?
1
Suppose -u = -71 - 57. Suppose -36 = 4*s - u. Suppose 2*w + 1 = s. What is the remainder when 28 is divided by w?
6
Suppose 423 = 3*j + 3*p, 2*p + 120 = j - 21. Suppose 61 + j = 2*f. What is the remainder when f is divided by 26?
23
Let m(h) = 6*h - 76. Let u be m(14). Suppose -116 = -9*a + u*a. Calculate the remainder when a is divided by 40.
36
What is the remainder when 207 + (0 - (0 - 1)) is divided by (-23 - (-9 + -1 + 12))/((-25)/30)?
28
Let r be 6*3/(-18)*(-16)/4. Let j(x) = x**3 - 3*x**2 - 6*x + 9. Calculate the remainder when 3 is divided by j(r).
0
Calculate the remainder when (9/(-4))/(3 + 8715/(-2900)) is divided by 19.
17
Let o(g) = 3*g**2 - 6*g - 2 + 5 + 1 - 2*g**2. Let v be o(6). Suppose -v*u = -m - 2*u + 9, u = -2*m + 33. Calculate the remainder when 28 is divided by m.
13
Suppose 27*f - 2*f = 1875. Calculate the remainder when 521 is divided by f.
71
Let z(q) = -q**2 - 8*q + 12. Suppose -28*y = -31*y - 24. Calculate the remainder when 46 is divided by z(y).
10
Suppose -5*k + 85 = -10. Let n(d) = -d**2 + 20*d - 6. What is the remainder when 63 is divided by n(k)?
11
Suppose -3*a + r = -4*r - 60, 66 = 5*a + 3*r. Let m(y) = -3*y - 3. Calculate the remainder when a is divided by m(-3).
3
Let j = -279 - -291. What is the remainder when 35 is divided by j?
11
Suppose -3*j + 22 = 2*h, 0 = -2*h - j + 16 + 14. What is the remainder when 55 - -4 - 3 - -2 is divided by (-6)/(3 + h/(-5))?
13
Let b(s) = -5*s + 81. Calculate the remainder when 245 is divided by b(8).
40
Let o = -3513 - -3533. Let b = 219 - 100. Calculate the remainder when b is divided by o.
19
Let n be 6*20/75*(-30)/2. Let u = n - -35. Let q = 15 + 5. Calculate the remainder when q is divided by u.
9
Let f(k) = k**3 + 12*k**2 + 10*k - 3. Let l be f(-11). Let q(s) = -s**2 + 12*s - 7. Calculate the remainder when q(l) is divided by 14.
11
Suppose 0 = 5*p - 3*p - 3*u - 72, -p + 2*u = -36. What is the remainder when 68 is divided by p?
32
Suppose 3*d = -d + 20. Suppose 3*x - 39 = -2*p, -d*x + p = -4*p - 65. Calculate the remainder when 21 is divided by x.
8
Let r = -330 + 419. Calculate the remainder when r is divided by 48.
41
Let b be 3/18*-2 + (-109)/(-3). Let j = -39 - -98. Calculate the remainder when j is divided by (-3)/9 + (-6)/b*-188.
28
Suppose 0 = s - 2*s + 18. Suppose 0 = -7*m + 8*m - s. What is the remainder when m is divided by 5?
3
Let l(s) = -s**2 - 21*s - 15. What is the remainder when l(-14) is divided by 22?
17
Suppose -2 + 17 = 5*n. Suppose -n*z = -3*k - 327, 4*z + k - 186 - 260 = 0. What is the remainder when z is divided by 29?
24
Let a = 1564 - 1534. Calculate the remainder when 1618 is divided by a.
28
Let a = 16 + -12. Suppose -7 = a*l - 31. Calculate the remainder when 21 is divided by l.
3
Let o(q) = q**2 - 3*q + 10. What is the remainder when 18 is divided by o(0)?
8
Suppose 0 = -23*w + 24*w - 63. What is the remainder when w is divided by 36?
27
Suppose 0 = -2*b + b - c + 21, 0 = -5*b + 4*c + 132. Let k be (-7 - -5)*31/2. Calculate the remainder when (k + 0)*(-2 + -1) is divided by b.
21
Calculate the remainder when 138 is divided by 234/104*(-32)/(-6).
6
Suppose 6*s - s = 830. Let m = -117 + s. Let r(o) = -o**3 - 24*o**2 + 105*o - 183. Calculate the remainder when m is divided by r(-28).
10
Suppose 287*k - 525 = 280*k. What is the remainder when 220 is divided by k?
70
Let d(j) = j**3 - 18*j**2 + 2*j - 8. Suppose 11*g - 15*g + 440 = 0. What is the remainder when g is divided by d(18)?
26
Let b = -2 + -3. Let g be -3 + ((-8)/(-4) - b). Suppose r - g*m = 19 + 8, -3*r = 2*m - 53. Calculate the remainder when 73 is divided by r.
16
Let n = 88 + -88. Suppose n = 5*c - 2*d - 354, 68 = -0*c + c + d. Calculate the remainder when c is divided by 9.
7
Let w(j) = -6*j - 3. Let m be w(-7). Suppose 4*q = 5 + m. Calculate the remainder when 87 is divided by q.
10
Suppose q = -5*y + 238, -4*y = 44*q - 41*q - 197. Calculate the remainder when y is divided by 18.
11
Suppose 2*b - 38 = -o, 3*b + 0*o = -2*o + 56. Let t(c) = c**2 - 9*c - 6. Let m be t(12). Calculate the remainder when 52*(-5)/(m/(-9)) is divided by b.
18
Let a be (-7 + 6)/(1/(-39)). Let q = 50 - a. What is the remainder when 51 is divided by q?
7
Let b(u) = 2*u**2 + 4*u - 35. Let v(f) = -14*f**3 - f + 1. Let d be v(1). Calculate the remainder when b(-6) is divided by d/(-4)*(1 - -1).
6
Suppose 2*b = -4*x + 16, 0 = 5*b - 3*x - 2*x - 10. Suppose -b*g + 72 = -0*g. What is the remainder when 52 is divided by g?
16
Let y(m) = -7*m + 13. Let v(a) = 4*a - 6. Let z(s) = -5*v(s) - 3*y(s). Let g be z(8). Calculate the remainder when g*(35*-1 - -2) is divided by 12.
9
Suppose 4*z = -5*y + 4, -2*y - 1 - 2 = -3*z. Suppose -6 - 10 = -f - 3*h, -4*f - 3*h + 73 = y. Calculate the remainder when (-12)/((-11)/9 - -1) is divided by f.
16
What is the remainder when 35 is divided by (-27)/(-2) + 0 - 25/50?
9
Suppose m = -m - 48. Let b = 58 + m. What is the remainder when b is divided by 9?
7
Suppose 15 = -a + 4*a